
-8602aa0 (base 11) to base 6
-1300321240
Convert 40646155 (base 8) to base 6.
504232541
Convert -11134351 (base 7) to base 2.
-11101100000001100101
Convert 332220332 (base 4) to base 15.
5104e
11163052 (base 7) to base 10
973471
Convert 33021101 (base 5) to base 9.
470646
What is 434223003 (base 5) in base 4?
13013313311
Convert -13111334001 (base 5) to base 15.
-163696b
Convert 92a403 (base 11) to base 4.
11230120322
Convert -47263 (base 14) to base 12.
-8439b
What is -22111202211 (base 3) in base 2?
-101000111001001111
What is -110020221200 (base 3) in base 12?
-b7753
What is -21010201012 (base 3) in base 9?
-233635
Convert -1110100100 (base 5) to base 3.
-11120012111202
-52b27a (base 13) to base 5
-444010233
What is -21104320 (base 5) in base 3?
-22220212011
-33556 (base 9) to base 6
-251210
What is -151132230 (base 6) in base 3?
-12220102201100
What is 3323332 (base 4) in base 11?
11130
-2401a21 (base 13) to base 15
-ea181e
What is 5e30b8 (base 15) in base 3?
22111102200102
What is -263156 (base 7) in base 3?
-2111101222
-230807 (base 9) to base 4
-201303010
Convert -1021222 (base 6) to base 16.
-c18e
What is 2420c7 (base 13) in base 14?
185cb9
32333231 (base 6) to base 16
eaa33
Convert -224012340 (base 5) to base 2.
-11110100011000001010
Convert -2091b (base 13) to base 9.
-88425
What is d4581 (base 15) in base 13?
1a7364
Convert 100010111001011001 (base 2) to base 9.
237058
-181582 (base 12) to base 11
-265553
Convert 100465134 (base 7) to base 15.
7a7c19
What is -1914692 (base 11) in base 9?
-6080833
3411122310 (base 5) to base 2
11100101100000001001010
1688de (base 16) to base 12
5b2792
Convert -43613553 (base 7) to base 10.
-3751674
Convert 29c9cb (base 16) to base 13.
74b6c3
What is -211202220110 (base 3) in base 10?
-448266
What is 1c0c2b (base 15) in base 13?
38c531
ab4b57 (base 12) to base 13
74541a
Convert -3322333404 (base 5) to base 3.
-111121100100112
What is -432ed (base 15) in base 7?
-1545601
What is -1303335425 (base 6) in base 10?
-15284969
-a39056 (base 13) to base 2
-1110100100001111011001
What is -2a79800 (base 12) in base 6?
-504445200
3916659 (base 10) to base 4
32330031303
Convert 12144100 (base 5) to base 8.
341505
Convert 123222301 (base 4) to base 5.
12111304
-6596a1 (base 11) to base 14
-1d5703
50166324 (base 7) to base 14
7a0b4b
What is -115215 (base 8) in base 14?
-105c1
Convert -3205354 (base 6) to base 15.
-31697
What is 121102020200 (base 3) in base 13?
b40cc
What is -211410 (base 5) in base 16?
-1bc1
-5510032 (base 7) to base 13
-1a8144
Convert -39c75 (base 15) to base 5.
-21410220
Convert 32532 (base 12) to base 13.
24305
Convert 313212311 (base 4) to base 2.
110111100110110101
What is -3a7b8 (base 12) in base 9?
-132545
Convert 850523 (base 10) to base 12.
35024b
51480 (base 9) to base 11
23546
Convert -10045510 (base 6) to base 9.
-475756
5c1327 (base 13) to base 15
2d7659
Convert -11640352 (base 7) to base 9.
-1872741
51273320 (base 8) to base 13
23289aa
b69010 (base 14) to base 11
3535626
-71ee6 (base 15) to base 14
-95860
Convert -111001222222 (base 3) to base 8.
-766470
Convert -2401633 (base 8) to base 2.
-10100000001110011011
22011111 (base 3) to base 14
2253
4413034 (base 5) to base 8
224363
Convert -332430 (base 11) to base 16.
-8174f
What is -221213332020 (base 4) in base 15?
-e58119
Convert -8042158 (base 9) to base 13.
-b6aa8b
Convert 197152 (base 14) to base 7.
10450532
Convert 398b14 (base 12) to base 7.
11030302
Convert 222301044 (base 5) to base 16.
eed62
Convert -3145334 (base 6) to base 5.
-14413023
Convert -42211411 (base 5) to base 14.
-91c12
Convert 4d120 (base 14) to base 9.
318022
161bb51 (base 12) to base 8
21174655
Convert 8d9b2 (base 14) to base 5.
42014140
Convert -1030000111 (base 4) to base 7.
-2434426
-65e5b8 (base 15) to base 4
-102202001003
54202620 (base 7) to base 3
22200212110020
161650015 (base 7) to base 3
202120122011001
What is -51402c (base 13) in base 9?
-3505780
Convert -173a5 (base 11) to base 8.
-57564
What is 373106 (base 10) in base 3?
200221210202
Convert 401434240 (base 5) to base 6.
54051154
What is 2d021 (base 15) in base 13?
510bb
Convert 2339 (base 14) to base 15.
1c37
Convert -1593550 (base 11) to base 12.
-aaa1b2
-22122312331 (base 4) to base 14
-5115db
What is -43304 (base 6) in base 10?
-5944
-1121010011001 (base 3) to base 2
-11001111001100011001
What is -100042044 (base 5) in base 9?
-658570
9551e (base 16) to base 9
1131871
What is -1158ba5 (base 12) in base 7?
-40336340
Convert -708068 (base 10) to base 16.
-acde4
213b37 (base 13) to base 12
317223
-b4e6 (base 15) to base 10
-38241
What is 19733 (base 10) in base 14?
7297
Convert -487a2 (base 16) to base 9.
-502201
-b4504 (base 13) to base 14
-86012
What is b97 (base 13) in base 3?
2201110
What is -421112 (base 9) in base 6?
-5210015
Convert -1901a (base 15) to base 13.
-2ab59
Convert 10101110011111111 (base 2) to base 4.
111303333
What is 76081 (base 9) in base 4?
30103012
-16865 (base 14) to base 11
-39528
Convert 23688 (base 10) to base 3.
1012111100
429 (base 12) to base 4
21201
15756826 (base 10) to base 6
1321420134
20102677 (base 9) to base 5
4431031001
-16741 (base 8) to base 5
-221044
Convert 123023322 (base 4) to base 6.
2215310
-38610 (base 9) to base 2
-110010110011010
10101111000110101101110 (base 2) to base 14
a95098
Convert 43153543 (base 6) to base 5.
311243243
What is 1290a9 (base 13) in base 5?
103321302
-1211044321 (base 5) to base 8
-12631553
-330010232 (base 4) to base 11
-158963
What is 140898 (base 10) in base 4?
202121202
23a864 (base 13) to base 5
204223143
What is 35230332 (base 6) in base 15?
168b3b
-11001111111010000001 (base 2) to base 6
-30130305
-15b63b (base 12) to base 11
-2348a4
2314204 (base 5) to base 4
22031030
What is -d939ce (base 16) in base 14?
-1c68130
-1146224 (base 8) to base 7
-2446646
Convert -134166 (base 9) to base 4.
-103331331
Convert 2012232211 (base 4) to base 14.
105177
248015b (base 13) to base 6
1043351231
Convert -30386 (base 15) to base 12.
-74430
Convert 1fa0d6 (base 16) to base 6.
112232130
5227067 (base 8) to base 6
45430155
12375 (base 13) to base 12
17506
31023100320 (base 4) to base 10
3454008
521432 (base 11) to base 15
117c42
Convert -11223033222 (base 4) to base 10.
-1487850
What is -101001100010111000110 (base 2) in base 3?
-2120011102101
Convert 435244 (base 7) to base 14.
1db24
What is -122120000210 (base 3) in base 13?
-c13a1
11011101011110110 (base 2) to base 4
123223312
What is -340424412 (base 5) in base 3?
-2211010212121
Convert -22a83d (base 16) to base 13.
-616a7b
-153aa8 (base 12) to base 5
-42444024
-b9dae (base 16) to base 3
-1102200020220
1121021210122 (base 3) to base 7
10146062
Convert -221912 (base 14) to base 4.
-10122132030
Convert -1036151 (base 7) to base 14.
-343d1
Convert -13bab4 (base 14) to base 6.
-22405010
177165 (base 11) to base 13
97388
Convert 2002010211222 (base 3) to base 4.
10031302133
29da8 (base 14) to base 7
612601
-dbc7 (base 15) to base 11
-31a67
Convert -12011332 (base 6) to base 13.
-101837
What is 610806 (base 12) in base 3?
2211222000220
Convert 713873 (base 12) to base 6.
101525423
Convert -356432 (base 7) to base 8.
-176277
Convert 54261 (base 9) to base 14.
d150
What is -23802141 (base 9) in base 13?
-2544679
Convert -1460604 (base 9) to base 10.
-807493
What is -5203522 (base 6) in base 7?
-2056625
Convert -183114 (base 9) to base 13.
-3ca63
What is 267967 (base 10) in base 9?
447521
101001110000110001101 (base 2) to base 7
14426453
What is 30110032 (base 4) in base 3?
2120012101
Convert -110012220020011 (base 3) to base 16.
-6314b9
What is 971c0 (base 13) in base 15?
55c38
What is -11001000100100111 (base 2) in base 3?
-12012212112
35111014 (base 7) to base 16
2ef924
Convert 8cab81 (base 13) to base 15.
45db25
Convert -20cc18 (base 15) to base 2.
-101111101010101110101
What is 2a693 (base 14) in base 9?
170737
Convert -44020232 (base 6) to base 15.
-1acd02
What is 115047 (base 11) in base 16?
2c87e
1436774 (base 10) to base 15
1d5a9e
Convert ac4e39 (base 15) to base 2.
11111010110010101100010
What is 331200323313 (base 4) in base 12?
5497bb3
What is 220010000 (base 3) in base 7?
102150
Convert -67a91 (base 14) to base 3.
-110210101121
What is 10400112 (base 6) in base 2?
100101